e -3*v + 2*v + 30 = 0. Suppose f + 2 = 0, 6*f = m + 3*f - 8. Let s = m - -1. Calculate the highest common factor of v and s.
3
Let o be (-1 - -2) + 2/((-4)/(-22)). Calculate the greatest common divisor of o and 132.
12
Suppose 5*f - 620 = f. Calculate the highest common divisor of f and 62.
31
Suppose l - 12 = -8. Calculate the greatest common factor of l and 12.
4
Let c(n) = 7*n - 1. Let m be c(8). What is the highest common divisor of m and 5?
5
Let i be -6*3*2/(-3). Let m(k) = -k - 2. Let z be m(-2). Suppose -5*y + 444 + 36 = z. Calculate the highest common factor of i and y.
12
Let k(i) = -7*i + 4. Let n be k(-5). Let t = 9 + n. What is the highest common factor of 24 and t?
24
Suppose -5*k + 74 = -u, 3*k = 4*k - 2*u - 13. Calculate the greatest common divisor of 30 and k.
15
Let g(s) = -s + 12. Let r be g(8). Let u = -53 - -74. Suppose u = x - 4*d - 39, -r*d = -20. What is the highest common divisor of 10 and x?
10
Let a = 29 + 1. Calculate the highest common divisor of 330 and a.
30
Let p be 157 + (1 - -5) + -1. What is the highest common factor of 9 and p?
9
Let m(h) = -h**2 - 10*h - 3. Let j be m(-9). Let i(y) = -6*y + 7. Let s be i(j). Let b = -20 - s. What is the greatest common divisor of 6 and b?
3
Suppose -4*d - 4*v + 20 + 28 = 0, -2*d = -4*v - 18. Calculate the greatest common divisor of 1 and d.
1
Let j(i) = -92*i - 4 + 0 + 2 + 3. Let o be j(-1). Suppose -f - 5 = 0, -3*k - f = 32 - o. What is the highest common divisor of k and 11?
11
Let o = -2 + 4. Suppose 69 = 5*x + d, -o*x + 30 = d - 0*d. Calculate the greatest common factor of x and 65.
13
Suppose -3*j + 4*j = -61. Let b = -41 - j. Suppose 5*f - b = 30. What is the greatest common divisor of 50 and f?
10
Let d(z) be the first derivative of z**4/4 - 7*z**3/3 - z**2/2 + 10*z - 4. Let w be d(7). Calculate the highest common factor of 33 and w.
3
Let m(l) = -l**3 + 2*l**2 - l + 2. Let b be m(2). Suppose b = 4*i + 1 - 5. What is the highest common divisor of i and 1?
1
Let q be (2 + -1 + -2)*6. Let u(j) = 4*j**2 + 6*j. Let i be u(q). What is the highest common factor of 12 and i?
12
Let a(r) = r + 15. Let f be a(-3). Calculate the highest common factor of f and 8.
4
Let z be (0 - -4)/(4/226). Let u = 7 + -137. Let o = u + z. Calculate the highest common factor of 12 and o.
12
Suppose 16*c + 768 = 24*c. What is the highest common factor of 16 and c?
16
Suppose 5 + 10 = 5*g. Let j = g - 4. Let y be j/((3/(-45))/1). What is the highest common divisor of y and 5?
5
Let u be 2 + 4/(-1) - -7. What is the highest common factor of 15 and u?
5
Let d(h) = 4*h + 0*h**2 + 3 - 6 - h**2. Let n be d(2). What is the greatest common divisor of n and 1?
1
Let b(t) = -31*t + 6. Let q be b(-5). Let a(x) = -44*x + 14. Let g be a(-5). Let f be g/10 + (-12)/30. What is the greatest common factor of q and f?
23
Let c be (11/22)/(1/156). What is the greatest common factor of 26 and c?
26
Suppose 7 = -3*h + 19. Let j be 18/h - (-3)/6. What is the highest common factor of 35 and j?
5
Suppose -3*u + 4*u = 52. Let w be (u/39)/((-4)/(-3)). Calculate the highest common divisor of w and 9.
1
Suppose -4*i + 19*i - 1530 = 0. Calculate the highest common factor of i and 68.
34
Suppose -3*m + 9 - 3 = 0. What is the greatest common divisor of 5 and m?
1
Suppose 15 = -2*v + 105. Suppose 47*m + 20 = 2*s + 46*m, 3*s - 31 = 2*m. Calculate the greatest common factor of v and s.
9
Suppose 0 = 6*v - v - 15. What is the greatest common divisor of 6 and v?
3
Suppose -x - 4*x = -475. Suppose -x = -4*a - a. What is the highest common factor of 190 and a?
19
Let d = 10 - 4. Let a be -1*(0 - (2 + -2)). Suppose a = 3*m - 5*m + 30. What is the greatest common divisor of d and m?
3
Let r(b) = b + 12. Let w be r(6). Calculate the highest common divisor of w and 45.
9
Let g(o) = -o + 6. Let v be g(0). Suppose r - 27 = -3*y + 4*r, -4*r = 4*y + 4. What is the highest common factor of v and y?
2
Suppose 0 = 5*q - q - 168. Let c = -402 - -430. Calculate the highest common divisor of q and c.
14
Suppose -12*p - 67 = -247. Calculate the highest common divisor of p and 15.
15
Let z be 74/4 + (-2)/4. Calculate the greatest common factor of z and 2.
2
Let u(g) = 3*g**2 - 16*g + 9. Let d be u(6). Calculate the greatest common divisor of 7 and d.
7
Suppose -2*u + 3*l + 305 = 0, -4*u + 0*u + 580 = 4*l. Let i = u + -49. What is the greatest common divisor of i and 9?
9
Suppose -3*s - 1 = 2*r, -3*r - 7 = 2*s - 18. What is the greatest common factor of r and 161?
7
Let z = 26 + -13. Suppose 0 = k + 3*k - 52. What is the highest common divisor of k and z?
13
Suppose 16 = f - 2*j - 22, -3*f - 2*j = -74. Suppose 2*o = 8 + f. Suppose -3*i + 270 = -0*i. What is the highest common divisor of i and o?
18
Let m(r) = -r**3 - 5*r**2 + 10. Let o be m(-5). Let w = o - 0. Calculate the highest common divisor of w and 70.
10
Let w be 4/(-10) + 27/5. Let c = -2 - -2. Let m = w - c. Calculate the highest common divisor of m and 40.
5
Let q = 29 - 1. Let o(l) be the first derivative of l**3/3 + 7*l**2/2 - l - 3. Let x be o(-8). Calculate the highest common divisor of x and q.
7
Let q = -15 - -7. Let g be 485/20 + 2/q. Let m = -8 - -20. Calculate the greatest common factor of g and m.
12
Let b be (-1 - 3)*5/4. Let c be 1510/25 + 2/b. Let t = -14 - -26. What is the greatest common divisor of t and c?
12
Let g = 16 + -2. Calculate the highest common factor of 154 and g.
14
Suppose -7*h + 3*h = -420. Suppose 0 = -5*f + h + 70. Let m be (-7 - 0)*-1*1. What is the highest common factor of f and m?
7
Suppose -u = -4*x - 16, -3*x + 4 - 9 = u. What is the highest common divisor of u and 36?
4
Suppose -h + 45 = 5*z + 4*h, z - 3*h = 21. What is the highest common factor of 24 and z?
12
Let s be (-58)/(-4) - (-4)/(-8). Suppose -h + 2 = -5*r + s, -15 = -r - 4*h. Suppose 0 = -r*i + 4*i - 36. What is the greatest common factor of 12 and i?
12
Suppose 3*q - 30 = 2*s, 21 = 5*s + 6. What is the highest common factor of q and 16?
4
Let u be (-114)/(-2) - (-40)/(-8). What is the highest common divisor of u and 65?
13
Let j be (-5 + 1)*(-21)/(-14). Let p(o) = -2*o - 2. Let a be p(j). Let b = 12 - 8. Calculate the greatest common factor of b and a.
2
Let x = 172 + -150. Calculate the highest common factor of x and 11.
11
Suppose -55 + 15 = -5*s. Calculate the greatest common divisor of 88 and s.
8
Let g be 25 - (-2 - -1*3). Suppose -y + 4*n + 32 = 0, -y + n + 188 = 3*y. What is the greatest common divisor of g and y?
24
Let l be 1326/15 + 4/(-10). Suppose 0 = -r + 3*v + 5, -5*r + 36 = -4*v. What is the highest common divisor of l and r?
8
Let x = 46 + -26. Calculate the highest common factor of 50 and x.
10
Suppose -x - 99 = -4*o, o - x - 18 = 9. Calculate the greatest common divisor of o and 16.
8
Let t = -30 - -102. What is the greatest common factor of t and 8?
8
Let a be 104/4*1 - 1. What is the highest common divisor of 5 and a?
5
Suppose -6*s + 126 = s. Calculate the highest common divisor of s and 72.
18
Let a(z) = 3*z**2 - 3. Let k be 6/2 - 4/(-2). Let i be a(k). Let x be ((-45)/20)/((-2)/8). Calculate the greatest common divisor of x and i.
9
Suppose 29 = 2*x - 97. What is the highest common factor of 9 and x?
9
Suppose 0 = -5*q + 4*k + 177, 4*q - 107 = -3*k + 16. Calculate the highest common divisor of q and 11.
11
Suppose -2*b = -n + 2*n, 3*n = -3*b + 15. Calculate the highest common factor of n and 80.
10
Let w(j) = -j**3 - 9*j**2 - 11*j - 8. Suppose 0 = 2*c + 5*l + 41, -5*l - 9 = -2*c - 0. Let i be w(c). Calculate the greatest common factor of 48 and i.
16
Suppose 195 = 7*x - 2*x. Let i be 8/(-28) + (-128)/(-7). Suppose -3*g = -x - i. Calculate the greatest common divisor of 209 and g.
19
Suppose -3*z - 6*t = -t - 706, 3*t - 702 = -3*z. What is the highest common divisor of 29 and z?
29
Suppose -2*o - 3*o = -20. Suppose -3*z + 5*l + 62 = 0, l = -o*z + 2 + 50. Calculate the greatest common factor of 42 and z.
14
Suppose -4*p = -2*o + 62, 0 = -4*o + 3*p - 27 + 161. Let b(f) = f**3 - 8*f**2 - 8*f - 4. Let h be b(9). What is the highest common divisor of o and h?
5
Let m = -18 + 38. Let n = -294 - -302. Calculate the greatest common factor of m and n.
4
Let h be (8/(-20))/(2/(-190)). Let c = -98 - -193. What is the greatest common divisor of c and h?
19
Let s = 60 - 33. S